ommon divisor of 11477 and 156187?
499
Calculate the highest common factor of 4303055 and 1205.
1205
What is the greatest common factor of 16831 and 2?
1
Calculate the greatest common divisor of 20604 and 40188.
204
What is the highest common divisor of 17596 and 18232?
212
What is the highest common divisor of 5840310 and 2030?
2030
What is the greatest common divisor of 366 and 62098?
122
What is the highest common divisor of 363 and 115?
1
Calculate the greatest common factor of 71784 and 9.
9
Calculate the greatest common factor of 695916 and 1872.
468
What is the highest common divisor of 38 and 297255?
19
Calculate the highest common divisor of 249502 and 242.
242
Calculate the highest common divisor of 566 and 750233.
283
Calculate the highest common divisor of 320 and 206680.
40
Calculate the greatest common divisor of 189037 and 46.
23
What is the greatest common divisor of 924 and 2094708?
924
Calculate the highest common factor of 160 and 13645.
5
What is the greatest common divisor of 42377 and 527?
31
Calculate the greatest common divisor of 24888193 and 11.
11
Calculate the greatest common divisor of 248 and 138911.
31
Calculate the greatest common divisor of 2421 and 69402.
807
Calculate the greatest common divisor of 48600 and 40.
40
Calculate the greatest common factor of 3211 and 179309.
169
What is the highest common factor of 21 and 15993?
3
Calculate the greatest common factor of 549 and 460428.
183
Calculate the greatest common divisor of 411143 and 1.
1
What is the highest common factor of 388220 and 47?
47
Calculate the greatest common divisor of 34498 and 4982.
94
Calculate the greatest common divisor of 381690 and 18.
18
What is the highest common factor of 3 and 220359?
3
What is the greatest common factor of 6071 and 524441?
467
Calculate the highest common factor of 8 and 2237096.
8
What is the highest common divisor of 510 and 26745?
15
What is the greatest common factor of 1150 and 3818?
46
Calculate the highest common factor of 1707 and 2163.
3
What is the highest common divisor of 602 and 91504?
602
What is the highest common factor of 1969 and 1611?
179
What is the greatest common factor of 4056 and 9672?
312
What is the highest common factor of 54756 and 29913?
507
What is the highest common divisor of 45461 and 3766?
269
What is the highest common factor of 110081 and 93?
31
Calculate the greatest common factor of 2447500 and 250.
250
What is the highest common factor of 1261 and 72265?
97
What is the highest common factor of 45 and 48795?
15
What is the highest common factor of 59587 and 33?
11
What is the greatest common factor of 527 and 251348?
31
Calculate the greatest common divisor of 51 and 25568.
17
What is the highest common factor of 2415 and 30705?
345
Calculate the greatest common factor of 2533 and 246.
1
What is the greatest common factor of 371 and 9457?
7
What is the greatest common factor of 3417 and 1785?
51
Calculate the greatest common factor of 12681 and 1908.
9
What is the greatest common factor of 982 and 103601?
491
What is the highest common divisor of 155359 and 559?
43
Calculate the greatest common divisor of 21544 and 16.
8
What is the highest common divisor of 50105 and 165?
55
What is the highest common divisor of 6576 and 33291?
411
What is the greatest common factor of 594 and 35559?
27
Calculate the highest common factor of 47700 and 1620.
180
What is the highest common factor of 124416 and 1104?
48
What is the highest common factor of 4 and 205654?
2
Calculate the highest common divisor of 372 and 33232.
124
Calculate the greatest common factor of 3725874 and 72.
18
Calculate the greatest common factor of 26174 and 3726.
46
What is the highest common factor of 14 and 3585743?
7
Calculate the greatest common factor of 52 and 780208.
52
Calculate the greatest common divisor of 109040 and 290.
290
Calculate the highest common divisor of 50036 and 2086.
14
Calculate the greatest common factor of 12012 and 780.
156
What is the highest common divisor of 141 and 185791?
47
Calculate the highest common factor of 16 and 4942480.
16
What is the highest common divisor of 30956 and 6322?
218
What is the greatest common factor of 5401 and 99?
11
Calculate the greatest common factor of 69 and 10327.
23
Calculate the greatest common factor of 44 and 966988.
44
What is the greatest common factor of 140 and 49175?
35
Calculate the greatest common divisor of 76437 and 95.
19
What is the greatest common divisor of 2346 and 23322?
138
Calculate the highest common factor of 247 and 942500.
13
What is the greatest common factor of 6100 and 2200?
100
What is the greatest common factor of 930 and 632555?
155
What is the highest common factor of 22249 and 2584?
19
Calculate the greatest common factor of 63 and 749.
7
What is the highest common factor of 143385 and 1580?
395
Calculate the highest common factor of 7076 and 9028.
244
Calculate the highest common divisor of 1580 and 65491.
79
Calculate the greatest common factor of 7875 and 10675.
175
What is the greatest common factor of 59 and 133989?
59
Calculate the greatest common divisor of 8300 and 121678.
166
What is the greatest common divisor of 4258 and 2?
2
What is the greatest common factor of 918 and 4779?
27
Calculate the greatest common divisor of 4225 and 45968.
169
Calculate the greatest common divisor of 322623 and 133.
7
What is the greatest common factor of 1466740 and 3164?
452
Calculate the highest common divisor of 1 and 9787.
1
What is the highest common divisor of 205 and 160?
5
Calculate the highest common divisor of 1596 and 116.
4
Calculate the highest common factor of 2060 and 420.
20
Calculate the highest common factor of 181 and 17.
1
Calculate the greatest common factor of 351790 and 29210.
1270
Calculate the highest common factor of 155218 and 224.
14
What is the highest common factor of 30845 and 27661?
199
Calculate the greatest common divisor of 4935 and 217.
7
What is the highest common divisor of 18952 and 6592?
824
Calculate the greatest common divisor of 7084 and 3427.
23
What is the highest common divisor of 53622 and 3888?
162
What is the highest common divisor of 1656 and 12328?
184
Calculate the highest common factor of 105 and 27279.
21
What is the highest common factor of 79345 and 35?
35
Calculate the highest common divisor of 3399360 and 720.
240
What is the highest common factor of 2184 and 1284?
12
Calculate the highest common factor of 14646710 and 793.
793
Calculate the greatest common factor of 70284 and 24.
12
Calculate the highest common divisor of 217 and 27.
1
What is the greatest common divisor of 34593 and 156?
39
Calculate the highest common factor of 1483 and 9985039.
1483
What is the highest common factor of 11885 and 875?
5
What is the highest common divisor of 56 and 1091048?
56
Calculate the greatest common factor of 418 and 726104.
38
What is the highest common factor of 78 and 975?
39
Calculate the greatest common factor of 2472 and 4574436.
1236
What is the greatest common factor of 1190 and 34272?
238
What is the highest common divisor of 812 and 355292?
28
Calculate the highest common divisor of 26942 and 1558.
38
What is the highest common factor of 69615 and 170?
85
Calculate the highest common factor of 50229 and 36.
9
What is the greatest common factor of 11946 and 242?
22
What is the highest common factor of 910 and 728?
182
Calculate the greatest common factor of 1833 and 2397.
141
What is the greatest common factor of 442 and 806?
26
What is the greatest common divisor of 9280 and 3936?
32
What is the highest common factor of 3320 and 15840?
40
What is the highest common factor of 86340 and 620?
20
Calculate the greatest common divisor of 23 and 104144.
23
Calculate the greatest common divisor of 2277 and 351417.
759
What is the highest common factor of 60 and 806940?
60
What is the greatest common divisor of 6468 and 66198?
66
What is the highest common factor of 32048 and 2704?
16
What is the greatest common divisor of 63040 and 480?
160
Calculate the greatest common factor of 135456 and 79968.
1632
Calculate the greatest common divisor of 903 and 1134469.
301
Calculate the greatest common factor of 213980 and 2.
2
What is the highest common factor of 29549 and 4303?
1